ermine h(-6).
-8
Let p(d) = d**2 + 6*d + 2. Let z be p(-6). Let q be (-468)/(-48) + z/8. Let u(j) = -11*j + j**2 - 2 + q*j + 5. Give u(0).
3
Let u(o) = 3*o - 5. Let b(h) = 2*h - 4. Let c(q) = 4*b(q) - 3*u(q). What is c(-3)?
2
Suppose -46 = -6*n - 16. Suppose -3*v - 5*d = -1, 4*v + 3*d + n + 1 = 0. Let t(a) = -a**3 - 2*a**2 + 3*a - 2. What is t(v)?
-2
Suppose -11*p = 10*p + 147. Let z(f) = -f**2 - 8*f + 1. Determine z(p).
8
Let b(u) = -u**2 - 10*u - 2. Let a(v) = -3*v - 1. Let q(y) = -3*a(y) + b(y). Determine q(1).
-1
Let i(o) be the second derivative of -o**7/42 + o**5/60 + o**4/24 + 11*o**3/6 + 7*o. Let u(j) be the second derivative of i(j). Give u(-1).
19
Let a(x) = x**2 + 6*x - 3. Let t(p) = -7*p - 12. Let g be 3/24 + (-282)/(-48). Let d(v) = 8*v + 12. Let m(l) = g*d(l) + 7*t(l). Let h be m(-6). Give a(h).
-3
Let w(t) = t**3 - 3*t**2 + 5*t - 7. Let n = -796 + 798. What is w(n)?
-1
Let c(j) = j + 0*j - 8*j + j**2 - 4*j - 12 + 18. Give c(12).
18
Let c(k) = -3*k**3 - k**2 + 2*k - 2. Suppose 6 = 6*a - 12. Suppose -3*w - 4*x = -2, -1 - 6 = -5*w - a*x. Determine c(w).
-26
Let z(f) = f**3 - 4*f**2 - 6*f. Let m be (0 - (-1)/4) + (-228)/(-48). Calculate z(m).
-5
Let o be -3 + (-1 - -2) - -9. Let k = -10 - 1. Let y be o*k/(308/24). Let a(v) = v**2 + 7*v + 7. Calculate a(y).
1
Let p(a) be the third derivative of 1/3*a**4 + 0 + 7/60*a**5 + 2*a**2 + 0*a + 1/120*a**6 + 7/6*a**3. Determine p(-6).
-5
Let d(b) = b**2 + b - 1. Let i(s) = -3*s + 60. Let v be i(20). Let n be v/(6/(-9)*6). Calculate d(n).
-1
Let s(k) = -45*k**2 - 14*k - 19. Let t(r) = -15*r**2 - 5*r - 7. Let f(o) = -4*s(o) + 11*t(o). Let x be 0/1 + 0 + 1. What is f(x)?
15
Let i(j) = -j**2 - 6*j + 9. Let q be i(-8). Let u = -10 - q. Let c(b) = 1 + 3*b - 5 + b**2 + 5*b**2 - 3*b**2. Calculate c(u).
14
Let s(c) = -13*c - 7. Let t be s(0). Let v(q) = -q**3 - 6*q**2 + 7*q + 5. Determine v(t).
5
Let j(w) = -65 - 2*w**2 + 52*w - 117*w + 3*w**2 + 78*w. Determine j(-17).
3
Let i(n) be the third derivative of -n**4/24 - n**3/2 - 2*n**2. Let x = -48 + 74. Suppose -x = 4*k - 6. Determine i(k).
2
Let l(m) = m - 1. Let g(j) = -5*j + 8. Let i(q) = g(q) + 6*l(q). Suppose -8*d = -4*d + 3*c + 28, d + 5*c = -7. Calculate i(d).
-5
Suppose 3*l + 4 = 1, 4*l - 16 = 4*u. Let m(b) = -2*b - 3. Calculate m(u).
7
Let g(u) = u**3 - 10*u**2 + 9*u + 2. Let p(h) = 4*h**2 - 3*h - 1. Let k be p(2). Calculate g(k).
2
Let f(c) = -c**3 - 8*c**2 - 9*c - 10. Suppose 2*k = -v + 11, 4*k + 10 = -k. Suppose -5*o - v = 5. Let h be o/20 - (-34)/(-5). Calculate f(h).
4
Suppose 0 = 5*y + 2*q - 16, 0*y + 2*y - 14 = 3*q. Suppose 5*t - 2*t = -4*w - y, -5*t + 4 = -4*w. Let a(x) = x + 265 - 131 - 134. What is a(w)?
-1
Suppose -2*k = k + 5*y + 12, 0 = 3*k - 5*y + 12. Let t(q) = q. Let z be 0 + -1 + 5/15*-15. Let f(j) = j**2 - 5*j - 4. Let r(o) = z*t(o) - f(o). Give r(k).
-8
Let c = -3246 - -3226. Let v(b) = b**2 + 23*b + 46. What is v(c)?
-14
Let l(t) = -6*t**2 - 9*t + 2. Let i(k) = 14*k**2 + 19*k - 4. Let b(m) = -2*i(m) - 5*l(m). Give b(-6).
28
Let u be 2/(-17) + 870/170. Let d(o) = -1 - 2 - 3*o**2 + o**3 - 8*o - 1. Let z be d(u). Let j(l) = l - 5. Determine j(z).
1
Let l(k) = k - 7. Let v = -233 + 239. What is l(v)?
-1
Let t(h) = -27*h**2 + 6*h - 11. Let w(m) = 5*m**2 - m + 2. Let s(l) = 2*t(l) + 11*w(l). Give s(3).
12
Let h be (-9*3/15)/((-14)/(-70)). Let z(d) = 2*d + 18. Determine z(h).
0
Suppose -4*v = -4*l - 15 - 9, -3*l + 2*v = 15. Let c(t) = t**2 + 5*t - 1. Give c(l).
-7
Let t(g) = -8*g - 2*g**2 + 6*g**2 + g**3 - 4 + 0*g. Suppose 382 = c + 387. Calculate t(c).
11
Let g(d) = -d**3 - 6*d**2 + 22*d + 134. Let f be g(-6). Let h(b) = -12*b + 7. Give h(f).
-17
Let s(u) = -u**2 + u + 2. Let m(d) = 41*d - 128. Let g(j) = -14*j + 43. Let h(q) = 17*g(q) + 6*m(q). Let a be h(5). Determine s(a).
-4
Let l(r) be the second derivative of -r**4/12 + 5*r**3/6 + 5*r**2/2 - 55*r. Determine l(4).
9
Let k(m) = m**2 - 14*m + 17. Let o be 33/(-22)*(52/(-6) + 0). Calculate k(o).
4
Let j(f) be the third derivative of f**5/24 - f**4/24 - 13*f**3/6 + 17*f**2. Let k(m) be the first derivative of j(m). What is k(1)?
4
Let h(u) = -u - 15. Suppose 27 = -2*v + 5. Calculate h(v).
-4
Suppose -b = 4*b - 215. Let y = 19 - b. Let g be (3/6)/(3/y). Let v(k) = -k**2 - 5*k - 2. What is v(g)?
2
Let p(k) = -7*k**2 + 12*k + 7. Let g(x) = 16*x**2 - 25*x - 14. Let d(f) = -4*g(f) - 9*p(f). Give d(-5).
8
Let k(s) = -53*s - s**2 - s**3 + 39 + 0*s**2 - 42 + 49*s. What is k(-1)?
1
Let q(i) = -5*i**3 - 3*i**2 - 4*i - 3. Let p be q(-2). Suppose -5*v - 6*v = -p. Let y(l) = l**3 - 2*l**2 - 4*l + 1. Give y(v).
-2
Let u(x) = -x - 2. Suppose 638*h = 631*h + 14. What is u(h)?
-4
Suppose -s = -0*s + 8. Let i(o) = o**3 + 9*o**2 + 6*o - 1. Give i(s).
15
Let i(v) = v**3 - 5*v**2 - 2*v + 3. Let w be 44/(-22)*((-14)/4 - -1). What is i(w)?
-7
Let r be (-6)/2*2/(-3). Let o(c) = 11*c - 8. Let i be o(1). Let d(a) = -1 + a**i - a**2 + a - 3*a - 1 + a. What is d(r)?
0
Let c(z) = -5*z**2 + z + 1. Suppose 0 = -6*a - 52 + 46. Calculate c(a).
-5
Suppose -42 = -0*l - 3*l. Suppose l = 3*y - y. Let x(v) = -2*v - 2*v + 2*v**2 - 5*v**2 - 2 + y*v. Give x(2).
-8
Let s(v) = 2*v - 4. Let h be 5/(10/1) - (-205)/(-2). Let w be h/(-14) - (-18)/(-63). What is s(w)?
10
Let z = 6 - 13. Let r(v) = -6*v + 23*v**2 - 3*v**3 - 17*v**2 + 2 + 4*v**3. Determine r(z).
-5
Let c(g) = -3*g**2 + 3*g - 27. Let z(r) = -7*r**2 + 4*r - 58. Let j(p) = -9*c(p) + 4*z(p). Calculate j(-10).
21
Let n(f) = -2*f**2 - 2*f - 2. Let r(i) = i**3 + 3*i**2 - 3*i - 1. Let m be r(-3). Suppose 0 = 11*h - 15*h - m. Calculate n(h).
-6
Suppose 2*b = 5*c - 528, 533 = 6*c - c + 3*b. Suppose -c*a = -109*a. Let n(v) = v + 3*v + 5 - 3*v. Determine n(a).
5
Suppose -224 = -5*o - 3*o. Suppose x + 27 = -4*x - 2*g, -5*x = 3*g + o. Let p(w) = -w**2 - 2*w - 2. Give p(x).
-17
Let g(a) be the second derivative of a**4/12 + 5*a**3/6 + a**2 - 2*a - 4. Suppose 4*b - 10 = 4*c + 6, 0 = -2*c + b - 7. Calculate g(c).
-4
Let b(z) = -9*z + 19. Let g(a) = 10*a - 21. Let f(l) = 6*b(l) + 5*g(l). Calculate f(4).
-7
Let v(s) = -203*s + 99*s + 105*s - 43. Calculate v(14).
-29
Let l(x) = -7*x + 134. Let c(m) = 2*m - 31. Let a(t) = 9*c(t) + 2*l(t). Determine a(5).
9
Let k(g) = 4*g - 19. Let s be k(6). Let b(z) = -9*z + 23. Let f(v) = 6*v - 15. Let n(c) = -5*b(c) - 8*f(c). Determine n(s).
-10
Let g(u) = u**2 + u - 6. Suppose -3*y = -34 + 13. Let c = -9 + y. Let z be c/8 - (-12)/48. Calculate g(z).
-6
Suppose 0 = 4*l + 86 + 2. Let y be (27 + 2/2)/(-1). Let x = l - y. Let h(o) = o - 10. Give h(x).
-4
Let w(y) = y**3 + 4*y**2 + 4*y + 7. Let g(u) = -u**3 + u**2 + u + 1. Let l(v) = 2*g(v) + w(v). Suppose -27*o + 22*o = -35. What is l(o)?
2
Let i = -5 - -7. Suppose -p - i*p = -2*g, -5*g - 25 = 5*p. Let o(c) = -3*c - 3. Give o(g).
6
Let g be 36/(-10) - (-6)/(-15). Let f(l) = l**3 - l - 3 + 3*l**2 - 6*l + 0 + 2*l. What is f(g)?
1
Let z(w) = -3*w**2 + 4*w + 2. Let g(s) = -s**2 + 19*s - 16. Let k be g(18). Let a(y) = 16*y**2 - 20*y - 10. Let f(t) = k*a(t) + 11*z(t). Determine f(4).
2
Let s(y) = 668*y**2 + 1 - 667*y**2 + 4*y - 6*y. Calculate s(3).
4
Let w be 4/(-22) - 1136/44. Let f = w - -24. Let h(a) = a**3 + a**2 - 4*a - 3. Calculate h(f).
1
Let a be (-8)/(-52) - (-6)/(-39). Suppose q + a*j + 4*j = 10, -50 = 3*q - 4*j. Let r = 17 + q. Let x(f) = f - 1. Calculate x(r).
6
Let c(m) = m**3 - 4*m**2 - 6*m - 8. Let a(h) = -h**3 + 4*h**2 + 5*h - 14. Let n be a(4). Give c(n).
28
Suppose 193 = p + 195. Let r(s) = -s**2 + 2*s + 2. Calculate r(p).
-6
Let h(l) = -5*l - 1. Suppose t + 10 = -0*t + 5*g, 80 = 4*t + 4*g. Let n be 2/t + 434/(-105). Let y be 3 + 0 + -6 - n. Determine h(y).
-6
Let w(m) = -m + 1. Let b(s) = 5*s**2 - 2. Let r be b(2). Let x be (-6)/(-27) + (-4)/r. Suppose x = 2*j + 3 + 1, 0 = -c + 4*j + 13. What is w(c)?
-4
Let s(k) be the third derivative of -k**5/120 - 5*k**4/12 - k**3/3 + 44*k**2. Let m(c) be the first derivative of s(c). Calculate m(0).
-10
Let i(h) = -2*h - 42. Let f be -6*(5 - (-18)/(-12)). What is i(f)?
0
Let n(p) = -1 - 7*p + 0*p**2 - 1 - p**2. Suppose -5*v + v = 17 + 3. What is n(v)?
8
Suppose 4*p + h = -61, 3*h - 33 = 4*p + 8. Let x = p + 8. Let d(c) = c**2 + 5*c - 8. Calculate d(x).
-2
Let r(q) = -q**3 - 9*q**2 - 4*q - 15. Suppose 2722*x - 2732*x - 90 = 0. Determine r(x).
21